{"id":93,"date":"2019-08-03T03:47:22","date_gmt":"2019-08-03T03:47:22","guid":{"rendered":"https:\/\/chilecomercio.cl\/?page_id=93"},"modified":"2019-08-07T02:20:15","modified_gmt":"2019-08-07T02:20:15","slug":"reglamento-y-politica-de-uso","status":"publish","type":"page","link":"https:\/\/chilecomercio.cl\/index.php\/reglamento-y-politica-de-uso\/","title":{"rendered":"Reglamento y Politica de Uso y Privacidad"},"content":{"rendered":"<p>LEER MUY IMPORTANTE ANTES DE PUBLICAR&#8230;&#8230;.<\/p>\n<p>1.-Es de exclusiva responsabilidad de quien publique los avisos.<br \/>\n2.-Contenido incrustado de otros sitios web.(enlaces)<br \/>\nLos art\u00edculos en este sitio pueden incluir contenido incrustado (por ejemplo, videos, im\u00e1genes, art\u00edculos,otras web, etc.). El contenido incrustado de otros sitios web se comporta de la misma manera que si el visitante hubiera visitado el otro sitio web y son de exclusiva responsabilidad de quien los emite(publica).<br \/>\n3.-Yo(https:\/\/chilecomercio.cl) me desentiendo de cualquier responsabilidad ante y frente a cualquier aviso publicado; (emitidos por los usuarios o terceros).<br \/>\n4.- No se permiten Avisos de contactos personales, y tipo de servicios a fin.<br \/>\n5.-Aceptado estos t\u00e9rminos, es que ud. puede usar esta web, para la generaci\u00f3n de comercio , de sus objetos en desuso , que no necesita o por renovaci\u00f3n, oferta de empleo , servicios , articulos nuevos o usados de compra venta ,arriendo, etc;etc. Queda explicito que art\u00edculos robados y malas pr\u00e1cticas son y ser\u00e1n siempre penados por la ley.<br \/>\n6.- Esta web es de uso para gente particular ,como empresas; en los mejores de los sentidos para promover comercio, y no asi actividades u cosas que esten fuera del marco de la ley.<br \/>\n7.-Al registrarse para publicar sus avisos queda claro y aceptado todos los puntos anteriores aqu\u00ed tratados e informados.<\/p>\n","protected":false},"excerpt":{"rendered":"<p>LEER MUY IMPORTANTE ANTES DE PUBLICAR&#8230;&#8230;. 1.-Es de exclusiva responsabilidad de quien publique los avisos. 2.-Contenido incrustado de otros sitios web.(enlaces) Los art\u00edculos en este sitio pueden incluir contenido incrustado (por ejemplo, videos, im\u00e1genes, art\u00edculos,otras web, etc.). El contenido incrustado de otros sitios web se comporta de la misma manera <a class=\"read-more\" href=\"https:\/\/chilecomercio.cl\/index.php\/reglamento-y-politica-de-uso\/\">Read More<\/a><\/p>\n","protected":false},"author":1,"featured_media":0,"parent":0,"menu_order":0,"comment_status":"closed","ping_status":"closed","template":"","meta":{"footnotes":""},"class_list":["post-93","page","type-page","status-publish","hentry"],"yoast_head":"<!-- This site is optimized with the Yoast SEO plugin v27.5 - https:\/\/yoast.com\/product\/yoast-seo-wordpress\/ -->\n<title>Reglamento y Politica de Uso y Privacidad - Avisos Clasificados en Chile<\/title>\n<meta name=\"robots\" content=\"index, follow, max-snippet:-1, max-image-preview:large, max-video-preview:-1\" \/>\n<link rel=\"canonical\" href=\"https:\/\/chilecomercio.cl\/index.php\/reglamento-y-politica-de-uso\/\" \/>\n<meta property=\"og:locale\" content=\"es_ES\" \/>\n<meta property=\"og:type\" content=\"article\" \/>\n<meta property=\"og:title\" content=\"Reglamento y Politica de Uso y Privacidad - Avisos Clasificados en Chile\" \/>\n<meta property=\"og:description\" content=\"LEER MUY IMPORTANTE ANTES DE PUBLICAR&#8230;&#8230;. 1.-Es de exclusiva responsabilidad de quien publique los avisos. 2.-Contenido incrustado de otros sitios web.(enlaces) Los art\u00edculos en este sitio pueden incluir contenido incrustado (por ejemplo, videos, im\u00e1genes, art\u00edculos,otras web, etc.). El contenido incrustado de otros sitios web se comporta de la misma manera Read More\" \/>\n<meta property=\"og:url\" content=\"https:\/\/chilecomercio.cl\/index.php\/reglamento-y-politica-de-uso\/\" \/>\n<meta property=\"og:site_name\" content=\"Avisos Clasificados en Chile\" \/>\n<meta property=\"article:modified_time\" content=\"2019-08-07T02:20:15+00:00\" \/>\n<meta name=\"twitter:card\" content=\"summary_large_image\" \/>\n<meta name=\"twitter:label1\" content=\"Tiempo estimado de lectura\" \/>\n\t<meta name=\"twitter:data1\" content=\"1 minuto\" \/>\n<script type=\"application\/ld+json\" class=\"yoast-schema-graph\">{\"@context\":\"https:\\\/\\\/schema.org\",\"@graph\":[{\"@type\":\"WebPage\",\"@id\":\"https:\\\/\\\/chilecomercio.cl\\\/index.php\\\/reglamento-y-politica-de-uso\\\/\",\"url\":\"https:\\\/\\\/chilecomercio.cl\\\/index.php\\\/reglamento-y-politica-de-uso\\\/\",\"name\":\"Reglamento y Politica de Uso y Privacidad - Avisos Clasificados en Chile\",\"isPartOf\":{\"@id\":\"https:\\\/\\\/chilecomercio.cl\\\/#website\"},\"datePublished\":\"2019-08-03T03:47:22+00:00\",\"dateModified\":\"2019-08-07T02:20:15+00:00\",\"breadcrumb\":{\"@id\":\"https:\\\/\\\/chilecomercio.cl\\\/index.php\\\/reglamento-y-politica-de-uso\\\/#breadcrumb\"},\"inLanguage\":\"es-CL\",\"potentialAction\":[{\"@type\":\"ReadAction\",\"target\":[\"https:\\\/\\\/chilecomercio.cl\\\/index.php\\\/reglamento-y-politica-de-uso\\\/\"]}]},{\"@type\":\"BreadcrumbList\",\"@id\":\"https:\\\/\\\/chilecomercio.cl\\\/index.php\\\/reglamento-y-politica-de-uso\\\/#breadcrumb\",\"itemListElement\":[{\"@type\":\"ListItem\",\"position\":1,\"name\":\"Portada\",\"item\":\"https:\\\/\\\/chilecomercio.cl\\\/\"},{\"@type\":\"ListItem\",\"position\":2,\"name\":\"Reglamento y Politica de Uso y Privacidad\"}]},{\"@type\":\"WebSite\",\"@id\":\"https:\\\/\\\/chilecomercio.cl\\\/#website\",\"url\":\"https:\\\/\\\/chilecomercio.cl\\\/\",\"name\":\"Avisos Clasificados en Chile\",\"description\":\"Anuncios Comerciales Clasificados \",\"potentialAction\":[{\"@type\":\"SearchAction\",\"target\":{\"@type\":\"EntryPoint\",\"urlTemplate\":\"https:\\\/\\\/chilecomercio.cl\\\/?s={search_term_string}\"},\"query-input\":{\"@type\":\"PropertyValueSpecification\",\"valueRequired\":true,\"valueName\":\"search_term_string\"}}],\"inLanguage\":\"es-CL\"}]}<\/script>\n<!-- \/ Yoast SEO plugin. -->","yoast_head_json":{"title":"Reglamento y Politica de Uso y Privacidad - Avisos Clasificados en Chile","robots":{"index":"index","follow":"follow","max-snippet":"max-snippet:-1","max-image-preview":"max-image-preview:large","max-video-preview":"max-video-preview:-1"},"canonical":"https:\/\/chilecomercio.cl\/index.php\/reglamento-y-politica-de-uso\/","og_locale":"es_ES","og_type":"article","og_title":"Reglamento y Politica de Uso y Privacidad - Avisos Clasificados en Chile","og_description":"LEER MUY IMPORTANTE ANTES DE PUBLICAR&#8230;&#8230;. 1.-Es de exclusiva responsabilidad de quien publique los avisos. 2.-Contenido incrustado de otros sitios web.(enlaces) Los art\u00edculos en este sitio pueden incluir contenido incrustado (por ejemplo, videos, im\u00e1genes, art\u00edculos,otras web, etc.). El contenido incrustado de otros sitios web se comporta de la misma manera Read More","og_url":"https:\/\/chilecomercio.cl\/index.php\/reglamento-y-politica-de-uso\/","og_site_name":"Avisos Clasificados en Chile","article_modified_time":"2019-08-07T02:20:15+00:00","twitter_card":"summary_large_image","twitter_misc":{"Tiempo estimado de lectura":"1 minuto"},"schema":{"@context":"https:\/\/schema.org","@graph":[{"@type":"WebPage","@id":"https:\/\/chilecomercio.cl\/index.php\/reglamento-y-politica-de-uso\/","url":"https:\/\/chilecomercio.cl\/index.php\/reglamento-y-politica-de-uso\/","name":"Reglamento y Politica de Uso y Privacidad - Avisos Clasificados en Chile","isPartOf":{"@id":"https:\/\/chilecomercio.cl\/#website"},"datePublished":"2019-08-03T03:47:22+00:00","dateModified":"2019-08-07T02:20:15+00:00","breadcrumb":{"@id":"https:\/\/chilecomercio.cl\/index.php\/reglamento-y-politica-de-uso\/#breadcrumb"},"inLanguage":"es-CL","potentialAction":[{"@type":"ReadAction","target":["https:\/\/chilecomercio.cl\/index.php\/reglamento-y-politica-de-uso\/"]}]},{"@type":"BreadcrumbList","@id":"https:\/\/chilecomercio.cl\/index.php\/reglamento-y-politica-de-uso\/#breadcrumb","itemListElement":[{"@type":"ListItem","position":1,"name":"Portada","item":"https:\/\/chilecomercio.cl\/"},{"@type":"ListItem","position":2,"name":"Reglamento y Politica de Uso y Privacidad"}]},{"@type":"WebSite","@id":"https:\/\/chilecomercio.cl\/#website","url":"https:\/\/chilecomercio.cl\/","name":"Avisos Clasificados en Chile","description":"Anuncios Comerciales Clasificados ","potentialAction":[{"@type":"SearchAction","target":{"@type":"EntryPoint","urlTemplate":"https:\/\/chilecomercio.cl\/?s={search_term_string}"},"query-input":{"@type":"PropertyValueSpecification","valueRequired":true,"valueName":"search_term_string"}}],"inLanguage":"es-CL"}]}},"_links":{"self":[{"href":"https:\/\/chilecomercio.cl\/index.php\/wp-json\/wp\/v2\/pages\/93","targetHints":{"allow":["GET"]}}],"collection":[{"href":"https:\/\/chilecomercio.cl\/index.php\/wp-json\/wp\/v2\/pages"}],"about":[{"href":"https:\/\/chilecomercio.cl\/index.php\/wp-json\/wp\/v2\/types\/page"}],"author":[{"embeddable":true,"href":"https:\/\/chilecomercio.cl\/index.php\/wp-json\/wp\/v2\/users\/1"}],"replies":[{"embeddable":true,"href":"https:\/\/chilecomercio.cl\/index.php\/wp-json\/wp\/v2\/comments?post=93"}],"version-history":[{"count":4,"href":"https:\/\/chilecomercio.cl\/index.php\/wp-json\/wp\/v2\/pages\/93\/revisions"}],"predecessor-version":[{"id":140,"href":"https:\/\/chilecomercio.cl\/index.php\/wp-json\/wp\/v2\/pages\/93\/revisions\/140"}],"wp:attachment":[{"href":"https:\/\/chilecomercio.cl\/index.php\/wp-json\/wp\/v2\/media?parent=93"}],"curies":[{"name":"wp","href":"https:\/\/api.w.org\/{rel}","templated":true}]}}